divided by 32.
26
Calculate the remainder when 189 is divided by 53.
30
What is the remainder when 1378 is divided by 23?
21
Calculate the remainder when 1179 is divided by 118.
117
What is the remainder when 997 is divided by 90?
7
What is the remainder when 203 is divided by 4?
3
Calculate the remainder when 19682 is divided by 31.
28
What is the remainder when 8238 is divided by 2738?
24
What is the remainder when 454 is divided by 20?
14
Calculate the remainder when 68 is divided by 64.
4
Calculate the remainder when 988 is divided by 16.
12
What is the remainder when 949 is divided by 25?
24
What is the remainder when 189 is divided by 96?
93
Calculate the remainder when 418 is divided by 280.
138
What is the remainder when 1031 is divided by 43?
42
What is the remainder when 37 is divided by 20?
17
What is the remainder when 945 is divided by 38?
33
What is the remainder when 33 is divided by 21?
12
Calculate the remainder when 7048 is divided by 47.
45
What is the remainder when 426 is divided by 33?
30
What is the remainder when 149 is divided by 50?
49
Calculate the remainder when 517 is divided by 65.
62
What is the remainder when 91 is divided by 24?
19
Calculate the remainder when 5370 is divided by 56.
50
Calculate the remainder when 1531 is divided by 189.
19
What is the remainder when 6497 is divided by 18?
17
What is the remainder when 472 is divided by 34?
30
What is the remainder when 45 is divided by 40?
5
Calculate the remainder when 743 is divided by 182.
15
Calculate the remainder when 827 is divided by 204.
11
What is the remainder when 1235 is divided by 304?
19
What is the remainder when 65 is divided by 6?
5
What is the remainder when 116 is divided by 64?
52
Calculate the remainder when 146 is divided by 31.
22
Calculate the remainder when 1195 is divided by 97.
31
Calculate the remainder when 3549 is divided by 67.
65
Calculate the remainder when 341 is divided by 144.
53
What is the remainder when 4574 is divided by 2270?
34
What is the remainder when 1043 is divided by 513?
17
Calculate the remainder when 415 is divided by 42.
37
Calculate the remainder when 57 is divided by 16.
9
Calculate the remainder when 389 is divided by 140.
109
Calculate the remainder when 271 is divided by 39.
37
Calculate the remainder when 73 is divided by 3.
1
Calculate the remainder when 816 is divided by 146.
86
Calculate the remainder when 137 is divided by 28.
25
What is the remainder when 670 is divided by 12?
10
Calculate the remainder when 749 is divided by 50.
49
What is the remainder when 58 is divided by 27?
4
What is the remainder when 3044 is divided by 235?
224
What is the remainder when 48 is divided by 12?
0
What is the remainder when 116 is divided by 17?
14
What is the remainder when 58 is divided by 23?
12
What is the remainder when 460 is divided by 244?
216
Calculate the remainder when 855 is divided by 109.
92
Calculate the remainder when 142 is divided by 16.
14
Calculate the remainder when 1359 is divided by 29.
25
What is the remainder when 314 is divided by 7?
6
What is the remainder when 151 is divided by 52?
47
What is the remainder when 941 is divided by 45?
41
What is the remainder when 174 is divided by 23?
13
Calculate the remainder when 1041 is divided by 9.
6
What is the remainder when 253 is divided by 61?
9
Calculate the remainder when 376 is divided by 3.
1
What is the remainder when 44 is divided by 41?
3
Calculate the remainder when 2026 is divided by 70.
66
Calculate the remainder when 4438 is divided by 60.
58
Calculate the remainder when 4784 is divided by 109.
97
Calculate the remainder when 224 is divided by 25.
24
Calculate the remainder when 619 is divided by 125.
119
Calculate the remainder when 359 is divided by 24.
23
What is the remainder when 1301 is divided by 29?
25
Calculate the remainder when 178 is divided by 14.
10
Calculate the remainder when 7125 is divided by 297.
294
What is the remainder when 130 is divided by 35?
25
What is the remainder when 140 is divided by 125?
15
Calculate the remainder when 418 is divided by 12.
10
Calculate the remainder when 19798 is divided by 22.
20
What is the remainder when 983 is divided by 198?
191
Calculate the remainder when 1918 is divided by 64.
62
What is the remainder when 958 is divided by 96?
94
What is the remainder when 197 is divided by 25?
22
What is the remainder when 735 is divided by 53?
46
Calculate the remainder when 201 is divided by 37.
16
Calculate the remainder when 867 is divided by 89.
66
Calculate the remainder when 4016 is divided by 10.
6
What is the remainder when 384 is divided by 43?
40
What is the remainder when 1633 is divided by 815?
3
Calculate the remainder when 610 is divided by 47.
46
Calculate the remainder when 24 is divided by 13.
11
Calculate the remainder when 84 is divided by 25.
9
Calculate the remainder when 135 is divided by 65.
5
What is the remainder when 702 is divided by 175?
2
What is the remainder when 3325 is divided by 18?
13
Calculate the remainder when 10096 is divided by 102.
100
Calculate the remainder when 6478 is divided by 19.
18
Calculate the remainder when 200 is divided by 101.
99
What is the remainder when 195 is divided by 14?
13
What is the remainder when 40 is divided by 2?
0
What is the remainder when 133 is divided by 6?
1
What is the remainder when 960 is divided by 477?
6
Calculate the remainder when 3639 is divided by 10.
9
Calculate the remainder when 94 is divided by 55.
39
What is the remainder when 847 is divided by 420?
7
Calculate the remainder when 173 is divided by 29.
28
What is the remainder when 1003 is divided by 38?
15
Calculate the remainder when 3167 is divided by 96.
95
Calculate the remainder when 765 is divided by 252.
9
What is the remainder when 103 is divided by 39?
25
Calculate the remainder when 11613 is divided by 23.
21
Calculate the remainder when 1299 is divided by 14.
11
What is the remainder when 1747 is divided by 567?
46
Calculate the remainder when 634 is divided by 40.
34
What is the remainder when 1115 is divided by 291?
242
Calculate the remainder when 622 is divided by 91.
76
Calculate the remainder when 2725 is divided by 904.
13
What is the remainder when 542 is divided by 18?
2
What is the remainder when 92 is divided by 23?
0
What is the remainder when 1034 is divided by 173?
169
What is the remainder when 1889 is divided by 9?
8
Calculate the remainder when 118 is divided by 6.
4
Calculate the remainder when 1397 is divided by 156.
149
What is the remainder when 158 is divided by 55?
48
What is the remainder when 4421 is divided by 33?
32
What is the remainder when 51 is divided by 30?
21
Calculate the remainder when 330 is divided by 18.
6
Calculate the remainder when 3288 is divided by 94.
92
Calculate the remainder when 2052 is divided by 62.
6
Calculate the remainder when 105 is divided by 38.
29
Calculate the remainder when 127 is divided by 63.
1
What is the remainder when 521 is divided by 105?
101
Calculate the remainder when 431 is divided by 27.
26
Calculate the remainder when 74653 is divided by 105.
103
What is the remainder when 561 is divided by 47?
44
Calculate the remainder when 383 is divided by 43.
39
Calculate the remainder when 1097 is divided by 100.
97
What is the remainder when 15 is divided by 15?
0
Calculate the remainder when 31976 is divided by 99.
98
Calculate the remainder when 129 is divided by 44.
41
Calculate the remainder when 374 is divided by 26.
10
Calculate the remainder when 1889 is divided by 111.
2
What is the remainder when 31 is divided by 17?
14
Calculate the remainder when 132 is divided by 9.
6
What is the remainder when 775 is divided by 34?
27
Calculate the remainder when 817 is divided by 20.
17
What is the remainder when 225 is divided by 35?
15
What is the remainder when 61 is divided by 42?
19
What is the remainder when 33 is divided by 20?
13
What is the remainder when 1079 is divided by 120?
119
What is the remainder when 81 is divided by 41?
40
Calculate the remainder when 1097 is divided by 138.
131
What is the remainder when 6398 is divided by 100?
98
Calculate the remainder when 270 is divided by 70.
60
Calculate the remainder when 288 is divided by 76.
60
Calculate the re